{"id":3,"date":"2023-09-04T14:18:33","date_gmt":"2023-09-04T12:18:33","guid":{"rendered":"http:\/\/faceessonne.fr\/?page_id=3"},"modified":"2023-09-19T00:05:32","modified_gmt":"2023-09-18T22:05:32","slug":"politique-de-confidentialite","status":"publish","type":"page","link":"https:\/\/faceessonne.fr\/index.php\/politique-de-confidentialite\/","title":{"rendered":"Politique de confidentialit\u00e9"},"content":{"rendered":"\r\n\r\n\r\n<p>La Politique de Protection des Donn\u00e9es est destin\u00e9e \u00e0 vous informer de la politique men\u00e9e par Face Paris-Saclay en mati\u00e8re de protection des donn\u00e9es \u00e0 caract\u00e8re personnel et des droits relatifs \u00e0 la protection des donn\u00e9es \u00e0 caract\u00e8re personnel dont vous disposez.<br \/>La notion de \u00ab donn\u00e9es \u00e0 caract\u00e8re personnel \u00bb ou \u00ab donn\u00e9es personnelles \u00bb correspond \u00e0 la d\u00e9finition donn\u00e9e par l\u2019article 4 du R\u00e8glement G\u00e9n\u00e9ral de l\u2019Union Europ\u00e9enne sur la protection des Donn\u00e9es (RGPD 2016\/679) c\u2019est-\u00e0-dire \u00e0 toute\u00a0 information susceptible de permettre l\u2019identification d\u2019une personne physique de mani\u00e8re directe ou indirecte : nom, pr\u00e9nom, adresse email, etc.<\/p>\r\n\r\n\r\n\r\n<p>\u200bEn utilisant notre site internet, vous d\u00e9clarez accepter les termes de la pr\u00e9sente Politique de Protection des Donn\u00e9es. Si vous \u00eates en d\u00e9saccord avec l\u2019un de ses termes, vous \u00eates libres de ne plus utiliser notre site internet.<\/p>\r\n\r\n\r\n\r\n<p>Face Yvelines s\u2019engage formellement \u00e0 ne vendre, louer, \u00e9changer ou c\u00e9der \u00e0 titre gratuit aucune information personnelle.<\/p>\r\n\r\n\r\n\r\n<p>Le principal responsable du traitement des donn\u00e9es est Face Paris-Saclay. Pour toute question relative \u00e0 la protection de vos donn\u00e9es personnelles, vous pouvez contacter\u00a0<a title=\"\" href=\"mailto:paris-saclay@fondationface.org\">paris-saclay@fondationface.org<\/a><\/p>\r\n\r\n\r\n\r\n<h5 class=\"wp-block-heading\">\u00a0<\/h5>\r\n\r\n\r\n\r\n<h5 class=\"wp-block-heading\"><strong>1 \u2022 Champ d\u2019application et exclusion<\/strong><\/h5>\r\n\r\n\r\n\r\n<p>La pr\u00e9sente politique s\u2019applique \u00e0 l\u2019ensemble des traitements de donn\u00e9es \u00e0 caract\u00e8re personnel effectu\u00e9s par Face Paris-Saclay \u00e0 partir du site internet\u00a0<a href=\"http:\/\/face-yvelines.org\/\">faceessonne.fr<\/a><\/p>\r\n\r\n\r\n\r\n<p>La pr\u00e9sente politique ne s\u2019applique pas aux traitements r\u00e9alis\u00e9s sur des sites ou applications de tiers pour lesquels Face Yvelines n\u2019est pas responsable de traitement.<\/p>\r\n\r\n\r\n\r\n<p>La base l\u00e9gale de traitement est le consentement de l\u2019utilisateur. Vous pouvez retirer \u00e0 tout moment votre consentement au traitement de vos donn\u00e9es. (Cf. Droits relatifs aux donn\u00e9es \u00e0 caract\u00e8re personnel)<\/p>\r\n\r\n\r\n\r\n<h5 class=\"wp-block-heading\">\u00a0<\/h5>\r\n\r\n\r\n\r\n<h5 class=\"wp-block-heading\"><strong>2 \u2022 Donn\u00e9es collect\u00e9es<\/strong><\/h5>\r\n\r\n\r\n\r\n<p>Lors de votre navigation sur le site internet, nous sommes susceptibles de recueillir, conform\u00e9ment \u00e0 la l\u00e9gislation applicable en vigueur et avec votre consentement, des donn\u00e9es de navigation. Pour recueillir ces informations, nous avons recours aux cookies.<\/p>\r\n\r\n\r\n\r\n<h5 class=\"wp-block-heading\">\u00a0<\/h5>\r\n\r\n\r\n\r\n<h5 class=\"wp-block-heading\"><strong>3 \u2022 Utilisation des donn\u00e9es collect\u00e9es et finalit\u00e9<\/strong><\/h5>\r\n\r\n\r\n\r\n<p>Les donn\u00e9es de navigation sont utilis\u00e9es \u00e0 des fins de statistiques de consultation et de visite de notre site internet.<\/p>\r\n\r\n\r\n\r\n<h5 class=\"wp-block-heading\">\u00a0<\/h5>\r\n\r\n\r\n\r\n<h5 class=\"wp-block-heading\"><strong>4 \u2022 Dur\u00e9e de conservation de vos donn\u00e9es<\/strong><\/h5>\r\n\r\n\r\n\r\n<p>Cookies\u00a0: 13 mois maximum \u00e0 compter de leur d\u00e9p\u00f4t sur votre ordinateur ou terminal.<\/p>\r\n\r\n\r\n\r\n<h5 class=\"wp-block-heading\">\u00a0<\/h5>\r\n\r\n\r\n\r\n<h5 class=\"wp-block-heading\"><strong>5 \u2022 Droits relatifs aux donn\u00e9es \u00e0 caract\u00e8re personnel<\/strong><\/h5>\r\n\r\n\r\n\r\n<p>Conform\u00e9ment aux dispositions de la loi dite Informatique et libert\u00e9s du 6 janvier 1978 modifi\u00e9e et au R\u00e8glement G\u00e9n\u00e9ral relatif \u00e0 la protection des donn\u00e9es 2016\/679, vous disposez d\u2019un droit d\u2019acc\u00e8s, de rectification, de limitation, de suppression, de portabilit\u00e9 \u00a0des donn\u00e9es vous concernant. Vous avez \u00e9galement un droit d\u2019opposition aux traitements de donn\u00e9es vous concernant.<\/p>\r\n\r\n\r\n\r\n<p>Vous avez \u00e9galement la possibilit\u00e9 de donner des directives relatives \u00e0 la conservation, \u00e0 l\u2019effacement et \u00e0 la communication de vos donn\u00e9es personnelles apr\u00e8s votre d\u00e9c\u00e8s.<\/p>\r\n\r\n\r\n\r\n<p>Vous pouvez exercer vos droits en faisant la demande\u00a0par courrier\u00a0\u00e0 l\u2019adresse\u00a0<strong>FACE Paris Saclay,<\/strong>\u00a015, Avenue de Norv\u00e8ge 91140 Villebon-sur-Yvette.<\/p>\r\n\r\n\r\n\r\n<h5 class=\"wp-block-heading\">\u00a0<\/h5>\r\n\r\n\r\n\r\n<h5 class=\"wp-block-heading\"><strong>6 \u2022\u00a0<\/strong><strong>R\u00e9clamation\u00a0<\/strong><\/h5>\r\n\r\n\r\n\r\n<p>En cas de r\u00e9clamation, vous pouvez nous contacter \u00e0 l\u2019adresse\u00a0<a title=\"\" href=\"mailto:paris-saclay@fondationface.org\">paris-saclay@fondationface.org<\/a>\u00a0ou par courrier \u00e0 l\u2019adresse\u00a0<strong>FACE Paris-Saclay,<\/strong>\u00a015, Avenue de Norv\u00e8ge 91140 Villebon-sur-Yvette.<\/p>\r\n\r\n\r\n\r\n<p>Vous avez \u00e9galement la possibilit\u00e9 d\u2019adresser vos demandes \u00e0 la CNIL (<a href=\"https:\/\/www.cnil.fr\/fr\/plaintes\">https:\/\/www.cnil.fr\/fr\/plaintes<\/a>)<\/p>\r\n\r\n\r\n\r\n<h5 class=\"wp-block-heading\">\u00a0<\/h5>\r\n\r\n\r\n\r\n<h5 class=\"wp-block-heading\"><strong>7 \u2022 Mise \u00e0 jour<\/strong><\/h5>\r\n\r\n\r\n\r\n<p>Cette politique de confidentialit\u00e9 est susceptible d\u2019\u00eatre r\u00e9guli\u00e8rement mise \u00e0 jour selon les modifications r\u00e8glementaires et les \u00e9volutions du site. Nous vous invitons \u00e0 la consulter r\u00e9guli\u00e8rement lors de vos visites du site.<\/p>\r\n","protected":false},"excerpt":{"rendered":"<p>La Politique de Protection des Donn\u00e9es est destin\u00e9e \u00e0 vous informer de la politique men\u00e9e par Face Paris-Saclay en mati\u00e8re de protection des donn\u00e9es \u00e0 caract\u00e8re personnel et des droits&#8230;<\/p>\n","protected":false},"author":1,"featured_media":0,"parent":0,"menu_order":0,"comment_status":"closed","ping_status":"open","template":"","meta":{"_monsterinsights_skip_tracking":false,"_monsterinsights_sitenote_active":false,"_monsterinsights_sitenote_note":"","_monsterinsights_sitenote_category":0,"footnotes":""},"class_list":["post-3","page","type-page","status-publish"],"aioseo_notices":[],"_links":{"self":[{"href":"https:\/\/faceessonne.fr\/index.php\/wp-json\/wp\/v2\/pages\/3","targetHints":{"allow":["GET"]}}],"collection":[{"href":"https:\/\/faceessonne.fr\/index.php\/wp-json\/wp\/v2\/pages"}],"about":[{"href":"https:\/\/faceessonne.fr\/index.php\/wp-json\/wp\/v2\/types\/page"}],"author":[{"embeddable":true,"href":"https:\/\/faceessonne.fr\/index.php\/wp-json\/wp\/v2\/users\/1"}],"replies":[{"embeddable":true,"href":"https:\/\/faceessonne.fr\/index.php\/wp-json\/wp\/v2\/comments?post=3"}],"version-history":[{"count":6,"href":"https:\/\/faceessonne.fr\/index.php\/wp-json\/wp\/v2\/pages\/3\/revisions"}],"predecessor-version":[{"id":6229,"href":"https:\/\/faceessonne.fr\/index.php\/wp-json\/wp\/v2\/pages\/3\/revisions\/6229"}],"wp:attachment":[{"href":"https:\/\/faceessonne.fr\/index.php\/wp-json\/wp\/v2\/media?parent=3"}],"curies":[{"name":"wp","href":"https:\/\/api.w.org\/{rel}","templated":true}]}}